List the prime factors of y.
2, 3, 11
Suppose -s + 32 + 32 = 0. What are the prime factors of s?
2
Let v be (-1)/(2/(-15))*(-14)/(-3). Let t = 138 - v. What are the prime factors of t?
103
Let b(t) = t**3 + 7*t**2 + 8*t - 2. Let x be b(-6). Let s be x/18 - 4/18. List the prime factors of (s*3)/(4/(-12)).
3
Suppose 0 = -0*d + 6*d - 30. Suppose -194 = -m - 3*a, 5*m + d*a = 9*a + 1008. What are the prime factors of m?
2, 5
Suppose 0 = -37*h - 5796 + 45423. What are the prime factors of h?
3, 7, 17
Let h(f) = -2*f**3 - 6*f**2 + 3*f + 9. Let u be h(-9). Suppose g - 10*g + u = 0. List the prime factors of g.
2, 53
Let z = 2848 + -1828. List the prime factors of z.
2, 3, 5, 17
Suppose 3*g + 2*y - 409 = 3*y, 4*g + 5*y - 577 = 0. Suppose -26*s = -23*s - g. List the prime factors of s.
2, 23
Let i = -3804 + 6964. List the prime factors of i.
2, 5, 79
Suppose -b - 6 = -3, 0 = -3*d - 3*b + 6798. What are the prime factors of d?
2269
Suppose -2*m + 6 = -6. Let i = -3 + m. Suppose -84 = -i*x + 18. What are the prime factors of x?
2, 17
Let n = -38 + 71. Suppose -31*z - 176 = -n*z. What are the prime factors of z?
2, 11
Suppose -23*c - 47*c + 371980 = 0. What are the prime factors of c?
2, 2657
Suppose 0 = 7*t - 13*t + 66. List the prime factors of (2 + 1 - -1) + t.
3, 5
Let l(y) = y**2 - y. Let h be l(-2). Suppose -h*k - 24 = -7*k. List the prime factors of k.
2, 3
Suppose 3*k - 5*l - 190 = 0, -3*k + 244 = k - 2*l. Suppose 3*u = u - 4*x + k, 3*x + 55 = u. List the prime factors of u.
2, 5
Suppose 4*k - 768 = -4*x, -5*x = 3*k - 622 + 48. Suppose 0 = 3*s + 2*r - 367, 3*s - k = -3*r + 176. List the prime factors of s.
11
Let q(a) = -14 - a + 3*a + a. Let k be q(6). Suppose -4*g + 94 = k*d - 62, 2*d - 5*g = 106. List the prime factors of d.
43
Suppose -3*b + f + 612 = -2*f, -5*b + 1023 = -4*f. What are the prime factors of b?
3, 23
List the prime factors of ((-2)/10 - -1)/(2/1105).
2, 13, 17
Let w = 1637 + -1117. List the prime factors of w.
2, 5, 13
Suppose 2555 = -174*u + 181*u. What are the prime factors of u?
5, 73
Let q = 5701 - 2294. What are the prime factors of q?
3407
Let k(a) = a**3 - 4*a**2 - 8*a + 9. Let r be k(4). Let t = -4 - r. What are the prime factors of t?
19
What are the prime factors of (-1)/(2813/402 + -7)?
2, 3, 67
Let h be (-5)/(10/(-6)) - 9/1. Let l(a) = -14*a - 16. List the prime factors of l(h).
2, 17
Let f = 19 - 17. Suppose -f*x + 27 - 17 = 0. Suppose -x*y + 305 = 35. What are the prime factors of y?
2, 3
Let f = -174 - -252. Let r = 163 - f. List the prime factors of r.
5, 17
Let i(p) = -p + p - 2 + 3 + 2*p**2. Let b be i(-1). Suppose 120 - 9 = b*r. List the prime factors of r.
37
Let r = -145 - -667. What are the prime factors of r?
2, 3, 29
Let f = -46 - -58. Suppose -f*b = -6*b - 1008. List the prime factors of b.
2, 3, 7
Let l = -3 - 7. Let a(t) = -5*t - 7. Let q be a(l). Suppose 0 = 3*s - q - 17. What are the prime factors of s?
2, 5
Suppose 5*o = r + 82, 2*r + 6 - 2 = 0. Suppose -4*u - o = -88. Let l = u - 10. List the prime factors of l.
2
Suppose 2*v - h = 11, 3*v - 2*h = -0*h + 16. List the prime factors of (-8)/(-3)*117/v.
2, 13
Suppose -4*h + h = -4*a - 181, -4*h = 3*a - 233. List the prime factors of h.
59
Let t(y) = -3*y - 3. Let c be t(-10). Let o be (16/6)/((-12)/(-198)). Let a = o - c. List the prime factors of a.
17
Let x = 17 + -14. Let m be 21*(x - (-14)/(-6)). List the prime factors of 72/m*(6 + 1).
2, 3
What are the prime factors of 10 + -3 - 14 - -970?
3, 107
Suppose -3*g - g = -736. Suppose -5*b = 4*f - g, -3*b + 5*b - f - 84 = 0. List the prime factors of b.
2, 5
Let c = 4470 + -2642. What are the prime factors of c?
2, 457
Let w = -832 + 1648. List the prime factors of w.
2, 3, 17
Suppose 2*x - d - 1094 = 0, -x = 15*d - 19*d - 540. What are the prime factors of x?
2, 137
Let l(x) = -x**3 - 7*x**2 + 9*x + 43. What are the prime factors of l(-15)?
2, 7, 61
Let r = -91 + 81. Let l = r + 116. List the prime factors of l.
2, 53
Suppose 0 = -2*j + 72 + 454. Suppose 0 = -2*q + 4*g + 126, -2*q - j = -7*q - 3*g. List the prime factors of q.
5, 11
Suppose 3*s = -s + 164. Let f = s + -18. Let a = 7 + f. List the prime factors of a.
2, 3, 5
What are the prime factors of 24591/28 - (-11)/(-44)?
2, 439
Suppose x + 3*b - 1268 = -4*x, -4*x + 5*b + 1044 = 0. List the prime factors of x.
2
Let f = 26 + -16. Let p = f - 12. List the prime factors of (0 - (-2 - -72))/p.
5, 7
Let x(n) = 2*n**2 + 25*n + 41. List the prime factors of x(-21).
2, 199
Let d be 0 + (1 - 4) - -6. Suppose -4*o - 2*k + d*k = -63, -4*o - k = -73. What are the prime factors of (-1)/(2 + (-35)/o)?
17
Let r be 12/(-4) + 2 + 2. Let b = r - -5. What are the prime factors of b?
2, 3
Suppose -3*h + 2*c + 350 = -0*h, -380 = -3*h - 4*c. List the prime factors of (h - -1)/(4 - 3).
11
List the prime factors of 50/375 + (-11066)/(-30).
3, 41
Suppose -i = -0*i - 2. Suppose 3*r - 59 = -i. Suppose 4*a + 3*v = 29, 7*v - r = -3*a + 2*v. List the prime factors of a.
2
Let y(p) = -11 + 26 - 8 + 81*p**2 + 6*p. What are the prime factors of y(-1)?
2, 41
Let i be 10/(-25) - 3/(15/(-1777)). Suppose i = 4*g - 1. What are the prime factors of g?
89
Suppose -5*x + y = 5*y - 321, -5*x + 4*y = -289. Let u = x - 20. List the prime factors of u.
41
Let c = 3841 - 2150. List the prime factors of c.
19, 89
Let g be 9/(-27) + (-102)/(-9). Let a = -14 + 3. Let t = g - a. What are the prime factors of t?
2, 11
Suppose 2*h - 88 = -2*h. Let a = h - 18. List the prime factors of a.
2
Let k = -124 - -69. List the prime factors of 713*(-1)/(-11) + (-10)/k.
5, 13
Suppose -3*v + 0 - 19 = -w, -5*v + 4*w - 34 = 0. Let n(a) = -a**3 - 3*a**2 - 19*a - 2. What are the prime factors of n(v)?
2, 5, 11
Let r(a) = 7*a**2 + 34*a + 228. What are the prime factors of r(-27)?
3, 1471
Let v be 42/(-11) + (-2)/11. What are the prime factors of 3/v - (-310)/8?
2, 19
Let w = 1557 + -591. List the prime factors of w.
2, 3, 7, 23
Let d be 30/4*68/(-85). Let b be ((-339)/d)/((-2)/(-4)). Suppose -2*p - 2*t = -72, 0*p - 4*t = 3*p - b. What are the prime factors of p?
31
What are the prime factors of 8*((-16)/(-40) - 1707/(-20))?
2, 7
Let i be (6 - (-4)/(-1)) + 14. Suppose 2*y = -3*c + 19, -y = 4*c + 4*y - i. Suppose -3*x - 16 = -r + c, 0 = 3*r + x - 65. What are the prime factors of r?
2, 11
Suppose -7*z = -3*z. Suppose z = -2*w - 0 + 52. List the prime factors of w.
2, 13
Suppose 5*t - 1797 = -4*g, 3*t - 1065 = -0*g + 2*g. Suppose 5*m + 121 = b, -4*b - 2*m = -t - 127. List the prime factors of b.
11
Suppose 12*t - 39148 = 22172. List the prime factors of t.
2, 5, 7, 73
Suppose 0*z - 459 = -4*x + z, -2*x = -3*z - 217. Suppose -526 + x = -5*n. List the prime factors of n.
2, 41
Suppose -4*b + 4 = -4*j, -3 - 11 = 2*b + 2*j. What are the prime factors of (-11)/(22/8) - 69*b?
7, 29
Let a be 255/(-34)*4/(-3). Suppose 4 - a = -3*n. Suppose n*r - 21 = -r. List the prime factors of r.
7
Let p(d) = -10*d - 5. Let q be p(-1). Suppose -4*y + 3*y + 3*t = -24, q*y + 4*t = 120. List the prime factors of y.
2, 3
Suppose -3*w = -4*d - 1386, 3*d - 247 = -w + 215. What are the prime factors of w?
2, 3, 7, 11
Let r(z) = 1826*z**2 + 6*z + 6. List the prime factors of r(-1).
2, 11, 83
Suppose 0 = 45*p - 24*p - 49644. What are the prime factors of p?
2, 3, 197
Suppose -7073 = -11*t + 3443. List the prime factors of t.
2, 239
Let r(p) = p**2 + 2*p + 1. Let y = 13 - 21. Let d(v) = v**3 + 10*v**2 + 16*v + 2. Let q be d(y). What are the prime factors of r(q)?
3
Suppose 5*n + 8169 = 2*i, 8*i - 3*i + 4*n = 20406. List the prime factors of i.
2, 13, 157
Let f = -95 - -111. Suppose -20*y - f = -21*y. List the prime factors of y.
2
Let v(z) = -17*z + 1. Let n(d) = -34*d + 2. Let a(q) = 6*n(q) - 11*v(q). Let u(j) = -j**2 - j - 1. Let r be u(0). What are the prime factors of a(r)?
2, 3
Suppose 0 = 35*c - 32*c - 2760. List the prime factors of c.
2, 5, 23
Let h(f) be the first derivative of 3*f**4/2 + f**3/3 - f - 9. Let a(m) = -m**2 - m - 1. Let o(v) = a(v) - h(v). List the prime factors of o(-1).
5
Suppose 0 = 4*w + 3*b + 21, -5*w + 7*b - 3*b = 3. Let j be w/((-20)/(-16) - 2). Suppose 48 = -0*i + j*i. List the prime factors of i.
2, 3
List the prime factors of ((-238)/5)/((-72)/1260).
7, 17
Let n be -3 - -8*(-1)/(-1). Suppose 5*r - 202 = -4*s, 